202)?
12
What is the value of (29 - 55 - (-5 - -5 - 15)) + -51?
-62
What is the value of -40 - (-52 + 10 + 19) - -17?
0
What is (-1 - 53) + -178 + 186?
-46
Evaluate -24 + -36 + 19 + 52 + 91.
102
Evaluate 32 + (49 - 60) + -10 + -2.
9
What is the value of (1 - 46) + (70 - 47) + 1?
-21
Calculate 8 - 6 - ((13 - 11) + -5 + 11).
-6
What is the value of -64 + 57 + 12 + 3 + 35 + 3?
46
-1024 + 1064 + (0 - 19) + -148
-127
Evaluate -3 + (109 - 99) + (-2 - -23).
28
Evaluate -27 - (11 - 0) - (-12 - -11).
-37
(-20 - -40) + 5 + -213 + 183
-5
Evaluate 22 + -44 + -9 + 164 + -18.
115
Calculate 7 - (-1 - -40) - (-49 + 59).
-42
Evaluate -50 + -3 - (-4 + -14 + (3 - -1)).
-39
What is 5 + 1 + (-26 + 34 + 7 - 83)?
-62
What is the value of (84 - (-2 + 87)) + (1 - -32)?
32
Calculate (64 - 110) + -92 - -6.
-132
What is -1 + (9 - -3) + -6 + 1 + -22 + -4?
-20
What is (16 - 5) + (-5 + -8 - 29) + 0?
-31
What is -2 + -1 - -22 - (6423 + -6378)?
-26
Calculate 24 + 9 + -39 + 3.
-3
9 - (10 - (-9 + 21) - (7 + -2))
16
Calculate 149 + -131 + (37 - (0 + (2 - -6))).
47
-15 + 13 + -7 + -62 - 5 - (0 - -3)
-79
What is the value of 95 + 3 - (-9 - (-7 - (-2 + -1 + 10)))?
93
5 + -39 + 5 + 3 - -10
-16
(-4 - 0) + (4 + -8 + 8 - -13) + -5
8
What is (31 + 31 - 26 - -80) + -10?
106
What is the value of (-1 - 3) + -46 + (39 - 0)?
-11
Evaluate -43 + 2 + 69 + -59 + 5 + -19.
-45
What is -12 + -27 + -71 + 22 + 1 + (-8 - -3)?
-92
Calculate 30 + (-8 - -5 - (-27 - -31)) + 1.
24
What is 683 - 673 - (-1 + 24)?
-13
6655 - 6716 - (-55 - 1)
-5
-1020 + 1008 + -2 + 46
32
Evaluate -7 - (-12 + -6 + -4 + -7 + 8).
14
What is the value of -1 + (3 - 6) + (17 - 27) + 12?
-2
Evaluate (-261 + 154 - -157) + 0 + 0 + -13.
37
111 + -171 - (-142 - -15)
67
Evaluate 33 - (-3 + 4) - (452 - 474).
54
Evaluate (4 - 1) + (-19 + -24 - -38).
-2
Calculate 5 + 4 + 0 + (69 - 33 - (1 - -7)).
37
What is the value of (253 - 142) + -97 + (0 - 2)?
12
Evaluate -36 + -3 + 46 - -36.
43
(2 - -51) + (-9 + 16 + 3 - 4) + -5
54
What is 22 + -18 + (32 - -9) + -47?
-2
Calculate -1 - -61 - (-35 - (-133 + 95)).
57
203 + -255 + (13 - (-2 - 0))
-37
Calculate (72 - 50) + 118 + (-12 - (6 + -12)).
134
What is the value of (-3707 - -3696 - (-5 + 1 + -1 + 0)) + 24?
18
Calculate -3 + -1 + (-4 - (-40 - -21)) + 36.
47
What is (-22 + -5 - 22) + 65?
16
What is the value of (21 - 26 - (-2 - -3)) + 47 - 2?
39
Calculate -432 + 245 - -222 - (-1 - (4 + (0 - -1))).
41
Evaluate 19 + -25 + 20 + -1 + -1.
12
What is the value of 5 - (-13 - -9) - 71 - (-11 + 6 - -20)?
-77
29 + (27 - 21) + 69 + -23
81
Evaluate 40 - (0 - (-15 + 5 - (-9 + 3 + -4))).
40
Evaluate (3 - 3 - 57) + (-1773 - -1798).
-32
Calculate (12 - (25 + 62)) + (2 - -8) + 15.
-50
13 - 39 - (2 + 18) - -17
-29
Evaluate 15386 + -15515 - (0 - 80).
-49
What is the value of 1 + (7 + -1 - ((11 - 9) + -3) - 49)?
-41
(-2 - (-4 - -61)) + (-11 - (11 + -16)) + 17
-48
(47 - (-29 - -66)) + 3 + -106
-93
What is the value of -15 - (-12 + 3 + 2 - -35)?
-43
What is the value of 157 - 249 - (-106 + 20)?
-6
-45 - -2 - (-3372 - -3331)
-2
-59 + 10 + -14 + -7 + -4 + 12
-62
Evaluate 136 - 5 - (8 - (39 - (19 - -37))).
106
Evaluate 147 + 11 + (46 - (36 - -34)).
134
Calculate (-1 - -75) + -9587 + 9518.
5
Calculate (11 - (-7 - -5)) + 6 + (-6 - (-2 + -8)).
23
Calculate -4 - (-4 - 4 - -12) - (-114 + -8 + -8).
122
Evaluate (-37 - (-12 + (-4 - 0))) + -14.
-35
What is 9 + 2 + (-16 - -10) - (28 - -2)?
-25
What is (-75 - (-39 + -11)) + 36?
11
(8 - 8 - 90) + -31 + (-19 - -60)
-80
31 + (76 - 142) - 9
-44
Evaluate -43 - (-52 + (33 - -2)).
-26
What is -65 + (-51 - -62) - (1 - -3)?
-58
Calculate -8 + 0 - (-40 + 58 + 0 - 17).
-9
-26 + (-16 - -6) + 11
-25
Evaluate (-1 - -43) + 1 + 137556 + -137539.
60
Evaluate (60 + -25 - -7) + (-12 - -3) + (9 - 0).
42
-102 + (32 + -66 - -15) + 30
-91
(-21 - 1 - (2 + (47 - 65))) + -49 + -1
-56
Calculate 22 + -3 + 12 + (-40 - 3).
-12
15 + 2 - (4727 + -4747)
37
(-71 - -35) + 51 + -61
-46
Evaluate (-2 - 17) + -1328 + 1440.
93
What is (19 + -5 - 1) + -24 + (-7 - 24)?
-42
Evaluate 14 - (-112 + 3) - 156.
-33
Calculate (-22 - 34 - -43) + -26.
-39
Calculate 7 - (-6 + 34) - (-54 - (15 + 8)).
56
Calculate 15 + 49 + -193 + 69.
-60
158 + -5 + -43 + 1 + -6 + 27
132
Calculate -34 - (-79 + 63 + 48).
-66
Evaluate -22 + -15 + 26 + 13.
2
Evaluate (-22 - -20) + -22 + -8 + -5.
-37
What is 431 + -462 + 6 + -4 - 31?
-60
What is the value of -15 + 61 - (54 - 42 - (1 + -3))?
32
Evaluate 7 + (54 - 14) + -24.
23
What is -44 - (-2 + -1 - 2 - (14 - (-67 - -84)))?
-42
Calculate -41 + (102 - 19) + -38.
4
What is 49 + -78 + 88 + -64?
-5
What is the value of 7 + -27 + (-21 - 11 - -34) + 16?
-2
What is -5 - 0 - -14 - (34 - (10 - 7))?
-22
What is -35 + (44 - 0) + -445 + 486?
50
What is the value of -2 + (-11 - -5 - 5) + 12 + -10 - 34?
-45
What is -54 + (20 - 36) + 20 - -9?
-41
What is 64 - -4 - (-1338 - -1396)?
10
What is the value of -3440 + 3339 + 68 + 1?
-32
Calculate -1 + 9 + (-1165 - -1182).
25
-1 + (11 - (-3 + 15)) + 7 - -51
56
-475 + 478 + 0 + (4 - 0 - 146 - -2)
-137
What is the value of -8 + ((-22 - 8) + -5 + 10 - 6)?
-39
What is -16 + -8 - (-6 + 3 + 7 + -13)?
-15
Evaluate 0 + -12 + (-67 + 87 - -5) - (-4 + 2).
15
What is the value of 48 + (-61 - (15 - 23))?
-5
What is -7 + -3 - ((25 - 20) + 6)?
-21
Evaluate -59 + 156 + -74 - (-1 - 10).
34
What is the value of (-9 - -22 - 27 - -37) + -60?
-37
What is -41 - (-38 + 65) - -48?
-20
What is the value of 7 - (159 + -158 + 1 + 14 + -25 + -48)?
64
Calculate -7 + 0 + -180 + 194.
7
Evaluate ((16 - 31) + -6 - (1 - 15)) + 154 + -10.
137
Evaluate 133 - 104 - (14 + (-10 - -8)).
17
What is the value of (-9 - (0 + -10)) + 5 + (-6 - (41 + 5))?
-46
Calculate (4 - (0 + -2)) + (25 - 33) - (-22 - -21).
-1
(17 - 4) + 0 + (-13 - 2)
-2
What is the value of 2 - (3 + (7 + -15 - -40) + (-23 - -21))?
-31
Evaluate -10 - (7 + 1 - 3 - (42 + -16)).
11
12 - (-38 - -33) - -88
105
What is (87 - -56) + -41 + -59?
43
What is the value of (5 + -3 - 28 - -84) + 33?
91
What is ((19 - 10) + 0 - 8) + -7 + -6?
-12
Evaluate 57 + 10 + ((-17 + 6 - -10) + -17 - -10).
59
What is the value of 12 + -28 + 42 + -54?
-28
338 + -413 + (8 - -81)
14
-4 + (13 + 1 - 3) + (-17 - 0)
-10
What is (-124 - -21 - -79) + -30 + 0?
-54
Evaluate -1 - (-995 + 1033 - (-2 + 0 - -24)).
-17
What is -93 + -44 + 43 + 111?
17
What is 69 - (45 - 60) - 20?
64
Calculate (21 - -50) + -116 - -54.
9
Evaluate -2 + -47 + 0 - (49 + 17 - 54).
-61
What is the value of 21 - (-10 + 0 + (26 - 26)) - 2?
29
Calculate -23 + 82 + -145 + -22.
-108
Calculate 1 - (11 - (-1 + 1 - (150 - 163)) - 57).
60
Evaluate 27 - (4 + -12 + -12 + 19).
28
Evaluate 409 - 457 - (5 + -7 - 0 - -18).
-64
What is the value of (-108 - -87) + 11 + 54?
44
What is 58 - 37 - (17 - (7 + 5) - -85)?
-69
64 + -5 + (-100 - 44)
-85
65 + (-31 - -7 - -15) - (-2 - -6)
52
What is the value of -37 + -5 + (-7 - (5 - 2 - 10 - -7))?
-49
52 + (-4 - (103 + -47))
-8
Calculate (30 - 36) + (-1 - (-33 - -26 - (0 + -8))).
-8
What is -39 + 25 + -54 - (-3 - -15)?
-80
Evaluate -38 + (17 + -12 + 12 - 11) + 11.
-21
Evaluate -4 - ((-3 - (5 + -23 + 23)) + 0 + 2).
2
Evaluate 10 - (0 - (10 + -14 + 16 + -5)).
17
(-13 - -43) + (-3 - 115) + 32
-56
Calculate (-620 - -635) + -56 + (-7 - -4).
-44
Evaluate -11 + (-23 - -10 - -14) - (-4 + 0).
-6
Calculate (10 - (15 - -3)) + 5 + 1 + 182 + -190.
-10
What is (-30 - (4 + -4 + 0)) + (-9 - -27 - 20)?
-32
What is the value of 0 - (-6 + -21 + (28 - 18) + 23)?
-6
What is the value of -48 - -32 - (-5 + 7 + -57)?
39
Calculate 58 - ((0 - 1) + (22 + -4 - 7)).
48
(2 - -3) + -4 + -9 - (104 + -98)
-14
Calculate -156 + 132 + 16 - (-1 - -28).
-35
-11 - -1 - -1 - (74 - (140 - -1))
58
-95 - (-380 + 86 - -86)
113
What is the value of (0 - 3) + -78 + 2 + -661 + 654?
-86
-99 + 82 - (7 - 26)
2
What is (-18 - (3 - -20)) + (-15 - -59)?
3
What is -55 + (-12 - (7 - 31)) + -7 + 0?
-50
Calculate 30 + (-51 - (2 - -13)).
-36
Calculate -1921 + 1911 + (5 - 4) + -43.
-52
What is the value of -19 - (-19 + (1 - -11) - (8 - 26))?
-30
What is (-56 - -114) + -70 - (-3 - 16) - (-1 + -7)?
15
What is the value of (36 - 30 - 29 - -29) + -19?
-13
-83 - -61 - (5 + 19)
-46
-37 - (43 - 85 - -30) - 28
-53
What is (30 - 9 - 6) + (60 - (50 + -4))?
29
Evaluate -99 - -45 - (-10 - 7).
-37
(0 - (3 + 1)) + -90 + 1715 + -1695
-74
30 + -49 + (-54 - -1) + (0 + 